{"id":226,"date":"2019-02-04T21:37:12","date_gmt":"2019-02-04T20:37:12","guid":{"rendered":"http:\/\/www.ic-carmen-friedl.de\/cf2019\/?page_id=226"},"modified":"2023-11-05T18:01:58","modified_gmt":"2023-11-05T17:01:58","slug":"anfahrt","status":"publish","type":"page","link":"https:\/\/www.ic-carmen-friedl.de\/cf2019\/anfahrt\/","title":{"rendered":"Anfahrt"},"content":{"rendered":"<p><iframe loading=\"lazy\" style=\"border: 0;\" src=\"https:\/\/www.google.com\/maps\/embed?pb=!1m18!1m12!1m3!1d3150.0184767196356!2d10.822959053107242!3d48.402030213949885!2m3!1f0!2f0!3f0!3m2!1i1024!2i768!4f13.1!3m3!1m2!1s0x479ebc8476f45253%3A0xbf071048695b9cca!2sAlter+Hammelberg+5%2C+86356+Neus%C3%A4%C3%9F!5e0!3m2!1sde!2sde!4v1504724437585\" width=\"600\" height=\"450\" frameborder=\"0\" allowfullscreen=\"allowfullscreen\"><br \/>\n&lt;\/iframe&gt;<\/iframe><\/p>\n<p>Salon-Adresse:<\/p>\n<p>Intercoiffure Carmen Friedl<br \/>\nAlter Hammelberg 5<br \/>\n86356 Neus\u00e4\u00df<\/p>\n<p>Parkpl\u00e4tze sind vor dem Eingang und entlang der Stra\u00dfe vorhanden.<\/p>\n","protected":false},"excerpt":{"rendered":"<p>&lt;\/iframe&gt; Salon-Adresse: Intercoiffure Carmen Friedl Alter Hammelberg 5 86356 Neus\u00e4\u00df Parkpl\u00e4tze sind vor dem Eingang und entlang der Stra\u00dfe vorhanden.<\/p>\n","protected":false},"author":1,"featured_media":0,"parent":0,"menu_order":0,"comment_status":"closed","ping_status":"closed","template":"","meta":{"footnotes":""},"class_list":["post-226","page","type-page","status-publish","hentry","entry"],"_links":{"self":[{"href":"https:\/\/www.ic-carmen-friedl.de\/cf2019\/wp-json\/wp\/v2\/pages\/226","targetHints":{"allow":["GET"]}}],"collection":[{"href":"https:\/\/www.ic-carmen-friedl.de\/cf2019\/wp-json\/wp\/v2\/pages"}],"about":[{"href":"https:\/\/www.ic-carmen-friedl.de\/cf2019\/wp-json\/wp\/v2\/types\/page"}],"author":[{"embeddable":true,"href":"https:\/\/www.ic-carmen-friedl.de\/cf2019\/wp-json\/wp\/v2\/users\/1"}],"replies":[{"embeddable":true,"href":"https:\/\/www.ic-carmen-friedl.de\/cf2019\/wp-json\/wp\/v2\/comments?post=226"}],"version-history":[{"count":3,"href":"https:\/\/www.ic-carmen-friedl.de\/cf2019\/wp-json\/wp\/v2\/pages\/226\/revisions"}],"predecessor-version":[{"id":757,"href":"https:\/\/www.ic-carmen-friedl.de\/cf2019\/wp-json\/wp\/v2\/pages\/226\/revisions\/757"}],"wp:attachment":[{"href":"https:\/\/www.ic-carmen-friedl.de\/cf2019\/wp-json\/wp\/v2\/media?parent=226"}],"curies":[{"name":"wp","href":"https:\/\/api.w.org\/{rel}","templated":true}]}}

<p><iframe loading="lazy" style="border: 0;" src="https://www.google.com/maps/embed?pb=!1m18!1m12!1m3!1d3150.0184767196356!2d10.822959053107242!3d48.402030213949885!2m3!1f0!2f0!3f0!3m2!1i1024!2i768!4f13.1!3m3!1m2!1s0x479ebc8476f45253%3A0xbf071048695b9cca!2sAlter+Hammelberg+5%2C+86356+Neus%C3%A4%C3%9F!5e0!3m2!1sde!2sde!4v1504724437585" width="600" height="450" frameborder="0" allowfullscreen="allowfullscreen"><br />
&lt;/iframe&gt;</iframe></p>
<p>Salon-Adresse:</p>
<p>Intercoiffure Carmen Friedl<br />
Alter Hammelberg 5<br />
86356 Neusäß</p>
<p>Parkplätze sind vor dem Eingang und entlang der Straße vorhanden.</p>

<p>&lt;/iframe&gt; Salon-Adresse: Intercoiffure Carmen Friedl Alter Hammelberg 5 86356 Neusäß Parkplätze sind vor dem Eingang und entlang der Straße vorhanden.</p>
