{"id":40,"date":"2019-01-21T20:10:13","date_gmt":"2019-01-21T19:10:13","guid":{"rendered":"http:\/\/www.ic-carmen-friedl.de\/cf2019\/?page_id=40"},"modified":"2025-06-19T15:20:45","modified_gmt":"2025-06-19T13:20:45","slug":"impressum","status":"publish","type":"page","link":"https:\/\/www.ic-carmen-friedl.de\/cf2019\/impressum\/","title":{"rendered":"Impressum"},"content":{"rendered":"<h2>Impressum<\/h2>\n<hr \/>\n<p>&nbsp;<\/p>\n<p>Intercoiffure Carmen Friedl<br \/>\nAlter Hammelberg 5<br \/>\n86356 Neus\u00e4\u00df<\/p>\n<p>Tel.: 0821 46 85 55<br \/>\nE-Mail: <a href=\"mailto:ic-carmen-friedl@web.de\"> <span class=\"auto-style10\">ic-carmen-friedl@web.de<\/span><\/a><\/p>\n<p><strong>Registereintrag<br \/>\n<\/strong>Eintragung in der Handwerksrolle der Handwerkskammer<br \/>\nvorl\u00e4ufige Nr.: 60 47 966<\/p>\n<p><strong>Haftungausschlussklausel<\/strong><br \/>\nDie eigenen Inhalte dieser Webseite werden von Carmen Friedl mit gr\u00f6\u00dfter Sorgfalt erstellt. Carmen Friedl ist jedoch nicht f\u00fcr die Richtigkeit, Vollst\u00e4ndigkeit und Aktualit\u00e4t der Informationen verantwortlich. Weiter ist Carmen Friedl nicht f\u00fcr den Inhalt von Seiten verantworlich, die mit einer Verkn\u00fcpfung von dieser Webseite erreicht werden k\u00f6nnnen und schlie\u00dft eine Haftung f\u00fcr diese Inhalte aus. Im \u00fcbrigen ist die Haftung auf Vorsatz und grobe Fahrl\u00e4ssigkeit beschr\u00e4nkt. Soweit Regelungen und Gesetze wieder gegeben werden, ist allein die amtliche Bekanntmachung ma\u00dfgeblich. Die Inhalte der Webseite sind urheberrechtlich gesch\u00fctzt. Eine Nutzng der Inhalte der Webseite darf nur nach vorheriger Zustimmung von Carmen Friedl erfolgen.<\/p>\n<p>Verantwortlich f\u00fcr den Inhalt:<br \/>\nCarmen Friedl, Todtenweis<br \/>\nDie Erstellung der Hompage erfolgte durch:<br \/>\nCarmen Friedl &amp; Thomas Metzger, Todtenweis<\/p>\n","protected":false},"excerpt":{"rendered":"<p>Impressum &nbsp; Intercoiffure Carmen Friedl Alter Hammelberg 5 86356 Neus\u00e4\u00df Tel.: 0821 46 85 55 E-Mail: ic-carmen-friedl@web.de Registereintrag Eintragung in der Handwerksrolle der Handwerkskammer vorl\u00e4ufige Nr.: 60 47 966 Haftungausschlussklausel Die eigenen Inhalte dieser Webseite werden von Carmen Friedl mit gr\u00f6\u00dfter Sorgfalt erstellt. Carmen Friedl ist jedoch nicht f\u00fcr die Richtigkeit, Vollst\u00e4ndigkeit und Aktualit\u00e4t der [&hellip;]<\/p>\n","protected":false},"author":1,"featured_media":0,"parent":0,"menu_order":0,"comment_status":"closed","ping_status":"closed","template":"","meta":{"footnotes":""},"class_list":["post-40","page","type-page","status-publish","hentry","entry"],"_links":{"self":[{"href":"https:\/\/www.ic-carmen-friedl.de\/cf2019\/wp-json\/wp\/v2\/pages\/40","targetHints":{"allow":["GET"]}}],"collection":[{"href":"https:\/\/www.ic-carmen-friedl.de\/cf2019\/wp-json\/wp\/v2\/pages"}],"about":[{"href":"https:\/\/www.ic-carmen-friedl.de\/cf2019\/wp-json\/wp\/v2\/types\/page"}],"author":[{"embeddable":true,"href":"https:\/\/www.ic-carmen-friedl.de\/cf2019\/wp-json\/wp\/v2\/users\/1"}],"replies":[{"embeddable":true,"href":"https:\/\/www.ic-carmen-friedl.de\/cf2019\/wp-json\/wp\/v2\/comments?post=40"}],"version-history":[{"count":1,"href":"https:\/\/www.ic-carmen-friedl.de\/cf2019\/wp-json\/wp\/v2\/pages\/40\/revisions"}],"predecessor-version":[{"id":41,"href":"https:\/\/www.ic-carmen-friedl.de\/cf2019\/wp-json\/wp\/v2\/pages\/40\/revisions\/41"}],"wp:attachment":[{"href":"https:\/\/www.ic-carmen-friedl.de\/cf2019\/wp-json\/wp\/v2\/media?parent=40"}],"curies":[{"name":"wp","href":"https:\/\/api.w.org\/{rel}","templated":true}]}}