{"id":769,"date":"2023-12-11T17:39:27","date_gmt":"2023-12-11T16:39:27","guid":{"rendered":"https:\/\/www.ic-carmen-friedl.de\/cf2019\/?page_id=769"},"modified":"2023-12-11T17:42:18","modified_gmt":"2023-12-11T16:42:18","slug":"gutschein","status":"publish","type":"page","link":"https:\/\/www.ic-carmen-friedl.de\/cf2019\/gutschein\/","title":{"rendered":"Gutschein"},"content":{"rendered":"<p><span style=\"font-family: trebuchet ms, geneva, sans-serif;\">Schenken Sie ein Wow: Entdecken Sie bei uns das perfekte Geschenk \u2013 sch\u00f6ne Momente, Wohlbefinden, Selbstwertgef\u00fchl, ein wenig Alltagswellness oder einzigartige Erlebnisse. Hier k\u00f6nnen Sie den passenden Gutschein aussuchen, online bezahlen und gleich ausdrucken \u2013 alles ganz bequem von Ihrer Couch aus, egal ob Tag oder Nacht.<\/span><\/p>\n<p><span style=\"font-family: trebuchet ms, geneva, sans-serif;\">Wir freuen uns auf Ihre Liebsten. Bei uns sind sie in guten H\u00e4nden. Viel Freude beim Schenken!<\/span><\/p>\n<h3><span style=\"font-family: trebuchet ms, geneva, sans-serif;\"><a href=\"https:\/\/www.studiobookr.com\/VoucherOrders\/intercoiffure-carmen-friedl-67286\"><span style=\"font-size: 18pt;\">Gutscheine kaufen<\/span><\/a><\/span><\/h3>\n<p>&nbsp;<\/p>\n<hr \/>\n<p>&nbsp;<\/p>\n","protected":false},"excerpt":{"rendered":"<p>Schenken Sie ein Wow: Entdecken Sie bei uns das perfekte Geschenk \u2013 sch\u00f6ne Momente, Wohlbefinden, Selbstwertgef\u00fchl, ein wenig Alltagswellness oder einzigartige Erlebnisse. Hier k\u00f6nnen Sie den passenden Gutschein aussuchen, online bezahlen und gleich ausdrucken \u2013 alles ganz bequem von Ihrer Couch aus, egal ob Tag oder Nacht. Wir freuen uns auf Ihre Liebsten. Bei uns [&hellip;]<\/p>\n","protected":false},"author":1,"featured_media":0,"parent":0,"menu_order":0,"comment_status":"closed","ping_status":"closed","template":"","meta":{"footnotes":""},"class_list":["post-769","page","type-page","status-publish","hentry","entry"],"_links":{"self":[{"href":"https:\/\/www.ic-carmen-friedl.de\/cf2019\/wp-json\/wp\/v2\/pages\/769","targetHints":{"allow":["GET"]}}],"collection":[{"href":"https:\/\/www.ic-carmen-friedl.de\/cf2019\/wp-json\/wp\/v2\/pages"}],"about":[{"href":"https:\/\/www.ic-carmen-friedl.de\/cf2019\/wp-json\/wp\/v2\/types\/page"}],"author":[{"embeddable":true,"href":"https:\/\/www.ic-carmen-friedl.de\/cf2019\/wp-json\/wp\/v2\/users\/1"}],"replies":[{"embeddable":true,"href":"https:\/\/www.ic-carmen-friedl.de\/cf2019\/wp-json\/wp\/v2\/comments?post=769"}],"version-history":[{"count":1,"href":"https:\/\/www.ic-carmen-friedl.de\/cf2019\/wp-json\/wp\/v2\/pages\/769\/revisions"}],"predecessor-version":[{"id":770,"href":"https:\/\/www.ic-carmen-friedl.de\/cf2019\/wp-json\/wp\/v2\/pages\/769\/revisions\/770"}],"wp:attachment":[{"href":"https:\/\/www.ic-carmen-friedl.de\/cf2019\/wp-json\/wp\/v2\/media?parent=769"}],"curies":[{"name":"wp","href":"https:\/\/api.w.org\/{rel}","templated":true}]}}

<p><span style="font-family: trebuchet ms, geneva, sans-serif;">Schenken Sie ein Wow: Entdecken Sie bei uns das perfekte Geschenk – schöne Momente, Wohlbefinden, Selbstwertgefühl, ein wenig Alltagswellness oder einzigartige Erlebnisse. Hier können Sie den passenden Gutschein aussuchen, online bezahlen und gleich ausdrucken – alles ganz bequem von Ihrer Couch aus, egal ob Tag oder Nacht.</span></p>
<p><span style="font-family: trebuchet ms, geneva, sans-serif;">Wir freuen uns auf Ihre Liebsten. Bei uns sind sie in guten Händen. Viel Freude beim Schenken!</span></p>
<h3><span style="font-family: trebuchet ms, geneva, sans-serif;"><a href="https://www.studiobookr.com/VoucherOrders/intercoiffure-carmen-friedl-67286"><span style="font-size: 18pt;">Gutscheine kaufen</span></a></span></h3>
<p>&nbsp;</p>
<hr />
<p>&nbsp;</p>

<p>Schenken Sie ein Wow: Entdecken Sie bei uns das perfekte Geschenk – schöne Momente, Wohlbefinden, Selbstwertgefühl, ein wenig Alltagswellness oder einzigartige Erlebnisse. Hier können Sie den passenden Gutschein aussuchen, online bezahlen und gleich ausdrucken – alles ganz bequem von Ihrer Couch aus, egal ob Tag oder Nacht. Wir freuen uns auf Ihre Liebsten. Bei uns [&hellip;]</p>
